/(h/150)?
2, 3, 19
Let k be (-6)/4*(2 + (-16)/6). Suppose -143 = -3*c - 5*q, -q = k - 2. What are the prime factors of (-3)/(-2)*52 + (-92)/c?
2, 19
Let q = -6670 + 13276. What are the prime factors of q?
2, 3, 367
Suppose -47 - 94 = 5*y + l, -5*y = -2*l + 153. Suppose 4*m + 278 = -66. Let h = y - m. What are the prime factors of h?
3, 19
Let l = -809 + 1351. Suppose 2*r - 432 = l. List the prime factors of r.
487
Suppose 0 = -4*t - x - 0 + 9, -5*t - 5*x = 0. Suppose -4*d + 17 = -f - 5*d, f + t*d + 27 = 0. List the prime factors of (224/(-21))/(2/f).
2
Let z = -42908 - -78401. List the prime factors of z.
3, 11831
Let h = -41 + 44. Let y be 0/(h + 0/(-5)). Suppose g - 3*g + 146 = -q, y = 2*g - 5*q - 162. List the prime factors of g.
71
Let j(c) = 4*c**2 - c - 122. List the prime factors of j(-16).
2, 3, 17
Let b = -24 + 24. Suppose -5*c + 23 = -4*i - b, -2*c - 4*i = -26. Suppose -3*f + c = -11. What are the prime factors of f?
2, 3
Let i(y) = 743*y + 2625. List the prime factors of i(8).
11, 19, 41
Suppose 12*y = 184 + 476. Let a be 176/y + (-2)/10. Suppose 0 = 4*k - r - 145, -4*r + 170 = 5*k - a*r. What are the prime factors of k?
5, 7
Let b(m) = 1194*m + 19. What are the prime factors of b(9)?
5, 2153
Let d = 320 - 135. Let r be (-28)/(-154) + d/11. Suppose 9 = -3*b, b - r = -c + 50. List the prime factors of c.
2, 5, 7
Suppose 0 = -2*d - x + 18 + 670, -3*d = 5*x - 1018. Let b = -504 + d. What are the prime factors of b/(-4) + (-24)/(-16)?
41
Let w(q) = q**2 + 18*q + 42. Let a(o) = 6*o + 34. Let v(f) = -7*f - 35. Let b(t) = -6*a(t) - 5*v(t). Let u be b(-12). What are the prime factors of w(u)?
5
List the prime factors of 12/(-84) + 1046652/84.
2, 5, 7, 89
Suppose 0 = 8*x - 13*x - 2*s + 1565, -4*s + 642 = 2*x. What are the prime factors of (-1 - ((-16)/(-4) - 4)) + x?
2, 5, 31
Let y(c) = -58*c**2 - 5*c - 30. Let u(o) = 289*o**2 + 26*o + 149. Let r(k) = 2*u(k) + 11*y(k). Let i be r(6). List the prime factors of 3/(-24) - i/16.
2, 3, 23
Suppose 18 = 2*b + b. Suppose -b*s + 40 = -11*s. Let p(d) = -6*d - 24. What are the prime factors of p(s)?
2, 3
Suppose 64*t - 45*t + 166754 = 441323. What are the prime factors of t?
3, 4817
Let a(m) = -m**3 + 4*m**2 + 13*m + 14. Suppose -q = 6*c - 3*c + 10, -3*q - 5*c = 26. What are the prime factors of a(q)?
2, 3, 7, 11
Suppose 2*v + r - 14 = 0, 2*v - r + 0*r = 6. Suppose -v*h + 5*g - g = -32, h = 3*g + 2. Suppose -h*i = i - 594. List the prime factors of i.
2, 3, 11
Let p = 113 - 109. Suppose -2*h + 2*t - p*t + 44 = 0, -54 = -2*h - 4*t. What are the prime factors of h?
17
Let g be (1909 - -191)/((1/12)/1). Suppose -g = 17*z - 52*z. What are the prime factors of z?
2, 3, 5
Suppose 2*l + 60 = 5*a - 2*l, 3*l = 15. Suppose a*y - 35 = 157. Suppose -11*m - 29 = -y*m. List the prime factors of m.
29
Let h(v) = 8*v**3 - 44*v**2 + 680*v - 33. List the prime factors of h(13).
18947
Let h = 543 + 475. What are the prime factors of h?
2, 509
Let b = 486 - 451. Suppose -4*f = 5*m - 3540, 31*f = b*f - 5*m - 3540. List the prime factors of f.
3, 5, 59
Suppose 16*v = 14*v + 3*x + 2508, 2*x + 2512 = 2*v. Suppose -19*r + v = -16*r. What are the prime factors of r?
2, 3, 5, 7
Let o = -2385 - -3754. Let q = o - 652. List the prime factors of q.
3, 239
Let z be 2254/18 - 12/54. Let m = 752 - z. Suppose -3*s + m = -a - 7, 0 = -3*a + 6. What are the prime factors of s?
2, 53
Suppose 24*j = 8*j. Let x(y) be the second derivative of y**3/6 + 35*y**2/2 + 35*y. What are the prime factors of x(j)?
5, 7
Let i(r) = -r - 11. Let b be i(-16). Let a(p) = -p + 10. Let u be a(b). Suppose -68 + 478 = u*s. List the prime factors of s.
2, 41
Let c(j) = -j + 5. Let h be c(-1). Suppose -3*r + 1945 = a, -5*a - h = 4. List the prime factors of r.
11, 59
Let u(x) = 3 + 1 + 1 - x + 12*x. Let q be u(5). Suppose 0 = -4*k - 0*k + q. List the prime factors of k.
3, 5
Suppose 0 = 7*o + 52 + 18. What are the prime factors of (-8482)/o - 24/20?
7, 11
Let v = 53599 + -15476. List the prime factors of v.
67, 569
Let g(c) = -5 + 11 - 8 + c. Let b be g(3). Let d(z) = 54*z**2 - 4*z + 2. List the prime factors of d(b).
2, 13
Let a = 185457 - 130163. What are the prime factors of a?
2, 27647
List the prime factors of ((-189)/126)/(-2 + 78555/39282).
6547
Let p(m) = m - 17. Let y be p(7). Let c be ((-24)/y)/(4179/595 - 7). Let z = c - 70. List the prime factors of z.
2
Let t = -23779 - -35752. What are the prime factors of t?
3, 13, 307
Let n be (-1 - -4)*-49*(-2)/6. Suppose -20 - n = -3*k. Suppose 22*c - k*c = -108. List the prime factors of c.
2, 3
List the prime factors of 8760 - (9*2/(-6))/((-5)/10).
2, 3, 1459
Suppose -4*z + 125 = -5*i - 125, z = -5*i + 75. Suppose -z + 54 = y. Let h(k) = -11*k + 30. List the prime factors of h(y).
151
Suppose -501 = 5*v - 11. Let k = -53 - v. Let d = 88 - k. What are the prime factors of d?
43
Let c(f) = 330*f**2 + 6*f - 12. Let j be c(2). Suppose -5*m - w + j = -6*w, -3*m - w + 772 = 0. List the prime factors of m.
7, 37
Let m be 250*((-68)/(-8) + 1). Suppose 106*t - 101*t = m. What are the prime factors of t?
5, 19
Let t be 5 + (-4)/(-3 - 1). Let l(b) = 8*b - 4 + t*b - 14 + 5. What are the prime factors of l(6)?
71
Let r(n) = 99*n**2 - 108*n - 3370. List the prime factors of r(-24).
2, 28123
Let p(i) = 8*i**2 + 3*i + 1283. Let v be p(0). Let b = -273 + v. List the prime factors of b.
2, 5, 101
Suppose -9*j - 768 = -3*j. Let w = j + 104. List the prime factors of (-8)/w - 215/(-3).
2, 3
Suppose -4*h = -7*h + 246. Suppose h = b - 4*j + 30, -4*b + 225 = j. Suppose -x - 2*x + 2*n + 32 = 0, -4*x + b = 4*n. What are the prime factors of x?
2, 3
Let q(c) = c**3 - 31*c**2 + 27*c + 93. Let d be q(30). Suppose -1877 = -d*g - 2*j, 4*g - 2500 = -j - j. What are the prime factors of g?
7, 89
What are the prime factors of 6/70*-5*7 - -7703?
2, 5, 7, 11
Let y(s) = 1400*s**2 - 448*s + 899. List the prime factors of y(2).
13, 431
Suppose -16*z + 2 = -30. Suppose -g + j + 52 = 0, z*g - 6*g - 3*j = -187. List the prime factors of g.
7
Suppose 3*r - 958 = 3*g - 322, 5*r - 2*g = 1066. Suppose -b + s = 3*s - r, -3*b - 2*s + 634 = 0. What are the prime factors of b?
2, 3, 5, 7
Let r be (-10)/(-5) - (-1 + 2)*-2. Suppose 4*t = -3*o + 37 + 556, -5*t + r*o + 749 = 0. Let i = t - 73. What are the prime factors of i?
2, 19
Let o = 874 + -561. Let i be 1/(-4)*-2*-2*-461. Let l = i - o. List the prime factors of l.
2, 37
Suppose -157*a + 117003 = -152*a + 2*l, -16 = -4*l. List the prime factors of a.
23399
Suppose -14570 = -43*q + 6586. Let m = q + -294. List the prime factors of m.
2, 3, 11
Suppose 0 = 24*h - 26652 + 1572. Let n = h + -726. List the prime factors of n.
11, 29
Let x be 6/((1/(-25))/((-16)/120)). Suppose -824 = -x*k + 16*k. What are the prime factors of k?
2, 103
Let n = -147 - -1027. Suppose -5*s = 5*a - 2235, -a - 5*s = -3*a + n. What are the prime factors of a?
5, 89
Let s = 34833 - 22924. What are the prime factors of s?
11909
Let p = -10110 + 19296. List the prime factors of p.
2, 3, 1531
Suppose -16*x + 231683 + 283989 = -99144. What are the prime factors of x?
2, 19213
List the prime factors of (-192)/(-960) + (-67499)/(-5).
2, 3, 5
Let w(k) = 2*k. Let i be w(-3). List the prime factors of (12/(-10))/(i/1305).
3, 29
Let d(p) be the second derivative of 235*p**4/12 + 2*p**3/3 - 3*p**2/2 - p. Let x(q) = 64*q + 2689. Let f be x(-42). What are the prime factors of d(f)?
2, 59
Let a be (-186 - -22)/(-1*2/(-8)). Let y = 44 - a. List the prime factors of y.
2, 5, 7
Let l = 14 + -6. Let h(b) = -2*b**3 - 9*b**2 + 15*b - 8. Let p(w) = -3*w**3 - 18*w**2 + 29*w - 16. Let r(u) = -5*h(u) + 3*p(u). List the prime factors of r(l).
2, 3
Suppose -294*s + 739032 = -3579240. What are the prime factors of s?
2, 3, 17
Suppose -15178 = 28*v - 7*v - 79585. What are the prime factors of v?
3067
Let a be 3/(-12) + (-5)/((-20)/221). Suppose -3*h - r = 145, 5*h - 4*h + 3*r = -59. Let l = h + a. What are the prime factors of l?
2
Suppose -8*d - 88 = -10*d. Suppose -d = 6*x - 2. List the prime factors of (x + 2 - -1) + 188 + -6.
2, 89
Let i(d) = 229*d**3 + d**2 + 30*d - 19. List the prime factors of i(5).
17, 1693
List the prime factors of (4/(-6))/2 + -63163*5/(-15).
2, 3, 11, 29
Suppose 4*k = g + 96995, 20*k - 121249 = 15*k - 4*g. What are the prime facto